5 - -1)
4
What is -4 - -2 - (4 - 21 - -10 - 7)?
12
Calculate 9 - 2 - 1 - (16 + 10 + -8).
-12
Calculate -165 + 157 - (1 - (1 - 0)).
-8
What is (0 - (19 + -8)) + 2 - 6?
-15
Evaluate -3 - (11 - (3 + 9 + -3)).
-5
What is the value of -10 - (0 - 4) - -20 - (1 + 3)?
10
(18 - 38) + 8 + 5
-7
Calculate (2 - 3) + -9 + (18 - 1).
7
What is -7 - (-1 + 7 - (0 + 2 - -1))?
-10
Calculate 10 + -30 + 22 - -19.
21
What is the value of -2 + (2 - -14 - (-2 + 8))?
8
What is -9 + 10 + (-30 + 25 - 4)?
-8
What is 5 - 2 - (-1 + 19 + (99 - 90))?
-24
What is -8 - (-28 + -7 + 8 + -5)?
24
What is (-7 - -2) + -85 + 80?
-10
Calculate (23 + (0 - -5) - 11) + -2 + 0.
15
What is the value of -2 + 2 + 14 + -13?
1
What is 0 + -1 + 0 - (42 + -32)?
-11
(12 - 0) + 1 + (-20 - 3)
-10
What is -9 + -4 + 2 + -71 + 66?
-16
What is the value of -6 + (18 - 0 - (30 - 23)) + -1?
4
-2 + (8 - (0 - (-5 - (-8 - -7))))
2
1169 - 1186 - (-3 - 1)
-13
What is the value of 28 + (14 - 22) - (-2 - -7)?
15
What is the value of 2 + (-3 - 0) + 18 + (8 - 11)?
14
Evaluate (-7 + 4 - 8) + (-5 - (4 - 52)).
32
What is the value of 1 + (0 - 9 - -1 - -4)?
-3
What is the value of 7 - ((34 - 8) + -6) - -6 - -3?
-4
What is 2 - 8 - (7 + 3 + -28)?
12
What is (-10 - 7 - -5) + 15?
3
What is the value of (-25 - (9 - 21)) + -3?
-16
(-15 - -20 - 16) + 24
13
What is (0 + -6 - -5) + -7 - -14?
6
What is the value of 24 - (-23 - (27 + -79))?
-5
What is -16 + 38 - (7 + 19)?
-4
-12 + (-1 - (11 + -13 + 3))
-14
What is -5 - (12 - 9) - -24 - (1 + 5)?
10
-7 - (-2 - -2) - (0 - 10)
3
2 + 33 + -6 + 17 + -19
27
What is -27 - (-26 - 29) - 53?
-25
-1 + 1 - (0 + 3 - (-6 + 14))
5
Evaluate 0 + -1 + -22 + (8 - -31).
16
What is (31 - 24) + (23 - -1) + (-2 - -2)?
31
Calculate 3 - (8 - (-6 - 1 - (-16 + 6))).
-2
8 + (8 - (4 + 2)) - -9
19
What is -8 + (-8 - -31) + -11?
4
Calculate 9 - (36 + -11 - 37).
21
Calculate (-224 - -219) + (-4 - -1).
-8
What is -7 - ((-1 - 20) + 10)?
4
Evaluate -12 - -16 - (-4 - -19).
-11
Evaluate (9 - 24) + (0 - -13).
-2
What is the value of (-2 - -11) + -5 - (0 + -1)?
5
6 - 0 - (-18 - -18)
6
Evaluate -56 - -79 - (43 - -6).
-26
Calculate 18 + 0 + -7 - 12.
-1
Calculate (15 + -1 - 35) + -6.
-27
What is the value of (-67 - -91) + -1 + -12 + -4?
7
What is -7 + -8 + 12 + 12 + -6?
3
What is -5 - (-27 + (6 - 7) + 1 + 7)?
15
Evaluate -4 + -4 + (11 - 6) + 6 - 14.
-11
0 + 2 + 0 - (-1 - -13 - 9)
-1
Calculate (-1 - 35) + (51 - (33 + 15)).
-33
Evaluate -6 - 7 - 3 - 1.
-17
Calculate -12 + (17 - -2) + 8 + -9.
6
Evaluate -5 - (-9 + 4) - (0 + 8).
-8
What is the value of 13 + 0 - (3 + -7 + 0 + -1)?
18
Evaluate (3 - 3) + 0 - (53 - 64).
11
What is the value of 12 + 24 - 12 - 2?
22
What is -23 + 20 + -7 - -7?
-3
Calculate -7 + 5 + -1 + (6 + 0 - 14).
-11
What is (-3 - 2) + 1 - (-2 - -3 - -4)?
-9
What is 1 + 1 + -25 + -19 + 19 + 32?
9
Calculate (-3 - (9 - (4 - 7))) + 6.
-9
Calculate (-12 - (18 - -5)) + 42.
7
What is -2513 + 2514 + (-27 - (1 + 2 + -2))?
-27
Evaluate 11 - (8 - (-13 + 22)).
12
What is 10 + (11 - (32 - 18)) + 15?
22
Evaluate 1 + 0 - -3 - ((-26 - -59) + -39).
10
What is -85 + (89 - -20) + -6 + 0?
18
What is the value of -31 + 24 + (0 - 0) + 1 - -3?
-3
What is the value of -6 + 0 + -28 - (-64 - -54)?
-24
1 + 4 + (4 - 52 - -19) - 5
-29
What is (-6 + 16 - 11) + (1 - 7)?
-7
Calculate -1 + -29 + (36 - 29) + 1.
-22
What is (94 - 89) + -3 + 5 + 6?
13
-18 + -5 + 2 + 7 + (2 - 0)
-12
15 - (-19 - -54 - -2)
-22
15 - (2 - (-6 - (-2 - 9)))
18
Calculate 23 + -26 + (3 + -1 - (6 + -6)).
-1
What is the value of 6 + (3 - 2 - 2) + (-8 - -3)?
0
Evaluate -5 + (-5 + 9 - 4).
-5
Evaluate -17 - 2 - (-86 + 78).
-11
What is the value of -1 + -1 + 7 - (1 + 4 + 8)?
-8
14 + -18 + 13 - (0 + (5 - 1))
5
What is the value of 2 + -19 + -218 + 214?
-21
Evaluate -6 + 2 + -4 - -16.
8
What is the value of 34 + (-47 - -16) + 28?
31
What is the value of (2 - 1) + (-64 - -66)?
3
Evaluate (-2 + 5 + 1 + -13 - -10) + -14.
-13
Evaluate -43 - (-8 - (52 + -15)).
2
Evaluate (17 - (-8 - -10)) + -6 + -1 + 11.
19
(1 - -6 - 1) + -5 + 2
3
Evaluate 8 - 1 - (5 - -6 - 3).
-1
5 + (-18 - (-10 - (1 + -9))) + -3
-14
-9 - (-24 - (8 - 29))
-6
What is the value of -7 + (-6 - 1 - (-19 - 15 - -18))?
2
What is the value of -76 - -103 - (-1 + 4) - (3 - 5)?
26
What is the value of -3 + 14 + -1 - (-59 - -60)?
9
Evaluate -6 + (7 - ((-3 - -8) + -7)) + -7.
-4
Calculate 7 + -8 + (-2 - -30) + -8 + -6.
13
15 + (-15 - 2) + (6 - 10 - 17)
-23
What is the value of 11 - (2 - (-23 - -20))?
6
Evaluate (7 + -3 - (-25 + 31)) + (14 - 1).
11
Evaluate (-13 - (-3 - 27)) + -18.
-1
Evaluate 1 + 15 + (99 - 41) + -77.
-3
Calculate -8 - (4 - 5 - 7).
0
What is the value of (13 + -1 - 12) + 19?
19
What is the value of 7 - (14 + -2 + (3 - -4))?
-12
What is -71 + (-19 - -63) - (-2 - 1)?
-24
Calculate -19 + (-16 - -16) + 5 + (2 - 0).
-12
What is 13 + (44 + -6 - 26)?
25
Evaluate (0 - (0 + -4)) + (3 - (-2 + 2)).
7
Calculate -1 - (0 + -22 + 12).
9
Evaluate (-6 - (0 - (-17 - (1 + -9)))) + 10.
-5
Evaluate -16 + (-2 + (-2 - -4) - (40 - 43)).
-13
Calculate 6 - -6 - 26 - (1 - 4) - 2.
-13
Calculate (-2 - (1 - 8)) + -15.
-10
Calculate -10 - (-2 + 7 + -20 + 5).
0
What is the value of 12 + -28 - -23 - (3 - 1)?
5
What is -7 + (17 - 5) + 60 + -41?
24
-2 + 50 + (-93 - -62)
17
Evaluate (6 - (39 + -22)) + (-10 - 1).
-22
Evaluate -12 - ((0 - -12) + (11 - -5 - 27)).
-13
-28 + (-1 - (0 - 6) - -7) + 2
-14
10 - (-20 + 40) - (-1 + 0) - -29
20
What is the value of 1 - (-6 - (6 + -10 - -5))?
8
(-19 - (-17 - -18)) + -1
-21
Evaluate -35 - (-34 + -15) - -17.
31
What is the value of 8 + (11 - (21 - (-8 + 10)))?
0
What is the value of (1 + 4 - (-1 - 0)) + -29 + 21?
-2
-5 + -9 - -7 - (-4 - (-2 - 10))
-15
What is the value of (42 - 58) + (4 - 6) + -11?
-29
Calculate (27 - 8 - 24) + -9 + 4 + -2.
-12
Calculate -17 + (-17 - -7 - -22).
-5
Calculate 1 - 2 - (18 + 11 + -22).
-8
What is the value of 7 + (-15 - -28) - 15?
5
Evaluate -21 + 35 + 15 + -29.
0
What is the value of -31 - -34 - (4 - 4)?
3
Calculate 6 - (0 + (-2 - -2)) - -1.
7
Calculate 216 - 211 - (-1 + -1).
7
Calculate (-51 - -23) + 18 - 20.
-30
Evaluate 134 + -162 + -1 + 47.
18
What is the value of (2 - (4 - 6)) + (-5 - 1) + 7?
5
Calculate -9 + 5 + 9 + -3 + 0.
2
What is 0 + -7 - (-99 - -100)?
-8
What is 61 - 68 - (1 - -20)?
-28
What is the value of (-31 - -47 - 28) + 0?
-12
Calculate (6 - (-8 + 15) - 7) + 0.
-8
Evaluate 2 + (11 + -8 + -6 - -8).
7
Evaluate 3 - -5 - ((10 - 6 - 33) + 8).
29
What is 693 + -684 + (-10 + 0 - -1)?
0
What is -15 + (13 - -5 - -14)?
17
What is the value of -6 - (5 - (9 + -4 - 10))?
-16
Evaluate -6 + -1 - (19 + -11).
-15
-8 - ((55 - (13 - -19)) + (0 - 1))
-30
What is (-14 - -55 - 20) + 2 + -7?
16
16 + -19 + -16 - (-1 + (2 - -5))
-25
What is -4 + (20 - (0 - -7))?
9
What is the value of 4 + 11 + -6 + 2 + -3 - -3?
11
Calculate 31 + -14 + -38 + -1 - -9.
-13
-7 + (2 - (-8 + 2)) - (3 - 8)
6
Calculate -19 + -43 + 16 + 55.
9
What is the value of (22 + 3 - 13) + -2 - -14?
24
Evaluate 4 + 0 + 7 + 1 + (-2 - 12).
-2
What is 0 + (0 - 3 - 3 - (15 - 35))?
14
Evaluate 14 - 19 - (3 - (-1 + 7)).
-2
What is the value of (4 - -1 - (1 - 0)) + 482 + -486?
0
Calculate (55 - 56 - (-3 - 2)) + -30 - -2.
-24
Evaluate (-20 - -11) + (4 - -1) + -7 + 5.
-6
Evaluate 7 - (2 + -4 - (10 + -3 + 10)).
26
What is -169 + 196 - (28 - -2)?
-3
What is -125 + 128 - (4 + 19)?
-20
Evaluate -5 - -2 - (88 + -92) - 28.
-27
What is the value of -3 + -13 + (-5 + 12 - 4)?
-13
Calculate 0 + 4 + -11 - (-17 + 19).
-9
-9 + 0 + 42 + -33
0
Evaluate (1 - (-17 + 44)) + (9 - -2).
-15
What is the value of 9 - 15 - -5 - -13?
12
Calculate 1 + 5 + (-19 - (-67 + 34)).
20
Evaluate 3 + -9 + 4 + (-14 - -30 - 15).
-1
Calculate (-1 - -3) + -7 + (1 - (-1 + 7)).
-10
What is -15 + (8 - 2) - 1?
-10
Evaluate -14 + (3 - (-2 - 14)) + -30.
-25
Evaluate (-35 - -18) + 1 - -3.
-13
Calculate 11 + -5 - (-40 - -27).
19
Calculate -17 + 1 - (-11 + (9 - 3) - 2).
-9
What is the value of 11 - (21 + -14 + 6)?
-2
Calculate -10 + (-32 - -25) + 10 + 0 + 33.
26
Calculate 64 + (-30 - 32) - (0 + -10 + -1).
13
7 + (7 + 2 + -7 - 2)
7
What is -3 - (-13 + -2) - (3 - -6)?
3
Evaluate -3 + (1 - (3 - 7)) + (-1 - -2).
3
Evaluate -32 + 25 + -3 - (-2 - (1 - 2)).
-9
What is 1 + -49 + (1 - -2) + 12?
-33
Evaluate 12 + -1 - (-43 - (-10 - 24)).
20
-7 - (3 - (7 - (-7 - -6)) - 4)
2
What is the val